{"id":917,"date":"2018-09-28T14:29:34","date_gmt":"2018-09-28T14:29:34","guid":{"rendered":"https:\/\/www.gidor.ch\/jobs\/coiffeur-coiffeuse\/"},"modified":"2023-08-09T11:59:20","modified_gmt":"2023-08-09T09:59:20","slug":"coiffeur-coiffeuse","status":"publish","type":"page","link":"https:\/\/www.gidor.ch\/fr\/emplois\/coiffeur-coiffeuse\/","title":{"rendered":"Coiffeur \/ Coiffeuse"},"content":{"rendered":"<h1>Nous attendons votre candidature<\/h1>\n<h5 style=\"text-align: left;\">Vous \u00eates motiv\u00e9(e), engag\u00e9(e), communicatif\/ve et passionn\u00e9(e)? Vous avez termin\u00e9 une formation, avez une apparence soign\u00e9e et tendance et de tr\u00e8s bonnes mani\u00e8res? Alors, vous correspondez \u00e0 nos attentes.<br \/>\nNous proposons un lieu de travail moderne, des formations continues r\u00e9guli\u00e8res et une \u00e9quipe jeune et sympathique. Cela vous int\u00e9resse? Alors, n\u2019h\u00e9sitez pas \u00e0 nous envoyer l\u2019ensemble de vos documents de candidature avec une photo.<\/h5>\n","protected":false},"excerpt":{"rendered":"<p>Nous attendons votre candidature Vous \u00eates motiv\u00e9(e), engag\u00e9(e), communicatif\/ve et passionn\u00e9(e)? Vous avez termin\u00e9 une formation, avez une apparence soign\u00e9e et tendance et de tr\u00e8s bonnes mani\u00e8res? Alors, vous correspondez \u00e0 nos attentes. Nous proposons un lieu de travail moderne, des formations continues r\u00e9guli\u00e8res et une \u00e9quipe jeune et sympathique. Cela vous int\u00e9resse? Alors, n\u2019h\u00e9sitez &hellip; <a href=\"https:\/\/www.gidor.ch\/fr\/emplois\/coiffeur-coiffeuse\/\">Continued<\/a><\/p>\n","protected":false},"author":1,"featured_media":0,"parent":916,"menu_order":10,"comment_status":"closed","ping_status":"closed","template":"views\/template-jobs.blade.php","meta":{"_acf_changed":false,"footnotes":""},"class_list":["post-917","page","type-page","status-publish","hentry"],"acf":[],"_links":{"self":[{"href":"https:\/\/www.gidor.ch\/fr\/wp-json\/wp\/v2\/pages\/917","targetHints":{"allow":["GET"]}}],"collection":[{"href":"https:\/\/www.gidor.ch\/fr\/wp-json\/wp\/v2\/pages"}],"about":[{"href":"https:\/\/www.gidor.ch\/fr\/wp-json\/wp\/v2\/types\/page"}],"author":[{"embeddable":true,"href":"https:\/\/www.gidor.ch\/fr\/wp-json\/wp\/v2\/users\/1"}],"replies":[{"embeddable":true,"href":"https:\/\/www.gidor.ch\/fr\/wp-json\/wp\/v2\/comments?post=917"}],"version-history":[{"count":143,"href":"https:\/\/www.gidor.ch\/fr\/wp-json\/wp\/v2\/pages\/917\/revisions"}],"predecessor-version":[{"id":7705,"href":"https:\/\/www.gidor.ch\/fr\/wp-json\/wp\/v2\/pages\/917\/revisions\/7705"}],"up":[{"embeddable":true,"href":"https:\/\/www.gidor.ch\/fr\/wp-json\/wp\/v2\/pages\/916"}],"wp:attachment":[{"href":"https:\/\/www.gidor.ch\/fr\/wp-json\/wp\/v2\/media?parent=917"}],"curies":[{"name":"wp","href":"https:\/\/api.w.org\/{rel}","templated":true}]}}

<h1>Nous attendons votre candidature</h1>
<h5 style="text-align: left;">Vous êtes motivé(e), engagé(e), communicatif/ve et passionné(e)? Vous avez terminé une formation, avez une apparence soignée et tendance et de très bonnes manières? Alors, vous correspondez à nos attentes.<br />
Nous proposons un lieu de travail moderne, des formations continues régulières et une équipe jeune et sympathique. Cela vous intéresse? Alors, n’hésitez pas à nous envoyer l’ensemble de vos documents de candidature avec une photo.</h5>

<p>Nous attendons votre candidature Vous êtes motivé(e), engagé(e), communicatif/ve et passionné(e)? Vous avez terminé une formation, avez une apparence soignée et tendance et de très bonnes manières? Alors, vous correspondez à nos attentes. Nous proposons un lieu de travail moderne, des formations continues régulières et une équipe jeune et sympathique. Cela vous intéresse? Alors, n’hésitez &hellip; <a href="https://www.gidor.ch/fr/emplois/coiffeur-coiffeuse/">Continued</a></p>
